{"id":1170435,"date":"2026-04-29T13:58:32","date_gmt":"2026-04-29T11:58:32","guid":{"rendered":"https:\/\/www.swisslens.ch\/?post_type=tribe_events&#038;p=1170435"},"modified":"2026-04-29T14:22:17","modified_gmt":"2026-04-29T12:22:17","slug":"dopasowania-soczewek-skleralnych-scleraflex","status":"publish","type":"tribe_events","link":"https:\/\/www.swisslens.ch\/cz\/event\/dopasowania-soczewek-skleralnych-scleraflex\/","title":{"rendered":"Zaawansowane szkolenie z dopasowania soczewek skleralnych ScleraFlex"},"content":{"rendered":"<p>Szkolenie zosta\u0142o przygotowane dla os\u00f3b, kt\u00f3re ju\u017c dopasowuj\u0105 soczewki skleralne, ale chc\u0105 lepiej rozumie\u0107 trudniejsze przypadki kliniczne i pewniej podejmowa\u0107 decyzje podczas doboru.<br \/>\nProgram koncentruje si\u0119 przede wszystkim na praktyce. Cz\u0119\u015b\u0107 teoretyczna obejmuje jedynie kr\u00f3tkie przypomnienie najwa\u017cniejszych zasad klinicznych niezb\u0119dnych w codziennej pracy.<\/p>\n<p><img loading=\"lazy\" decoding=\"async\" class=\"size-medium wp-image-1119574 alignright\" src=\"http:\/\/www.swisslens.ch\/wp-content\/uploads\/Illustration-scleraflex-300x162.png\" alt=\"\" width=\"300\" height=\"162\" \/>Podczas warsztatu uczestnicy b\u0119d\u0105 pracowa\u0107 na soczewkach pr\u00f3bnych celowo dobranych z nieprawid\u0142owymi parametrami, takimi jak: za du\u017cy SAG, za ma\u0142y SAG, za lu\u017ana strefa l\u0105dowania, nadmierne uniesienie brzegu czy miejscowy ucisk.<\/p>\n<p>Ka\u017cde dopasowanie zostanie przeanalizowane bezpo\u015brednio na oku, krok po kroku, z ocen\u0105 wp\u0142ywu poszczeg\u00f3lnych parametr\u00f3w na SAG, stref\u0119 skleraln\u0105, stabilno\u015b\u0107 czy komfort noszenia.<br \/>\nSzczeg\u00f3lny nacisk po\u0142o\u017cony zostanie na kliniczne podejmowanie decyzji: kt\u00f3ry parametr zmienia\u0107 najpierw i jak unika\u0107 niepotrzebnych korekt.<br \/>\nUczestnicy poznaj\u0105 tak\u017ce praktyczne wykorzystanie narz\u0119dzi dost\u0119pnych w panelu klienta SwissLens.<\/p>\n<pre>Data: 23.05.2026\r\nGodziny: 9:00\u201317:00\r\nCena: 1200 PLN (800 PLN dla klient\u00f3w Swisslens)<\/pre>\n<h4>Aby uzyska\u0107 wi\u0119cej informacji lub potwierdzi\u0107 sw\u00f3j udzia\u0142, prosimy o kontakt mailowy pod adresem: lens.info@swisslens.ch<\/h4>\n","protected":false},"excerpt":{"rendered":"<p>Szkolenie zosta\u0142o przygotowane dla os\u00f3b, kt\u00f3re ju\u017c dopasowuj\u0105 soczewki skleralne, ale chc\u0105 lepiej rozumie\u0107 trudniejsze przypadki kliniczne i pewniej podejmowa\u0107 decyzje podczas doboru. Program koncentruje si\u0119 przede wszystkim na praktyce. [&hellip;]<\/p>\n","protected":false},"author":14,"featured_media":0,"template":"","meta":{"_et_pb_use_builder":"","_et_pb_old_content":"","_et_gb_content_width":"","_price":"","_stock":"","_tribe_ticket_header":"","_tribe_default_ticket_provider":"","_tribe_ticket_capacity":"0","_ticket_start_date":"","_ticket_end_date":"","_tribe_ticket_show_description":"","_tribe_ticket_show_not_going":false,"_tribe_ticket_use_global_stock":"","_tribe_ticket_global_stock_level":"","_global_stock_mode":"","_global_stock_cap":"","_tribe_rsvp_for_event":"","_tribe_ticket_going_count":"","_tribe_ticket_not_going_count":"","_tribe_tickets_list":"[]","_tribe_ticket_has_attendee_info_fields":false,"_tribe_events_status":"","_tribe_events_status_reason":"","_tribe_events_is_hybrid":"","_tribe_events_is_virtual":"","_tribe_events_virtual_video_source":"","_tribe_events_virtual_embed_video":"","_tribe_events_virtual_linked_button_text":"","_tribe_events_virtual_linked_button":"","_tribe_events_virtual_show_embed_at":"","_tribe_events_virtual_show_embed_to":[],"_tribe_events_virtual_show_on_event":"","_tribe_events_virtual_show_on_views":"","_tribe_events_virtual_url":"","footnotes":"","_tec_slr_enabled":"","_tec_slr_layout":""},"tags":[],"tribe_events_cat":[],"class_list":["post-1170435","tribe_events","type-tribe_events","status-publish","hentry"],"ticketed":false,"_links":{"self":[{"href":"https:\/\/www.swisslens.ch\/cz\/wp-json\/wp\/v2\/tribe_events\/1170435","targetHints":{"allow":["GET"]}}],"collection":[{"href":"https:\/\/www.swisslens.ch\/cz\/wp-json\/wp\/v2\/tribe_events"}],"about":[{"href":"https:\/\/www.swisslens.ch\/cz\/wp-json\/wp\/v2\/types\/tribe_events"}],"author":[{"embeddable":true,"href":"https:\/\/www.swisslens.ch\/cz\/wp-json\/wp\/v2\/users\/14"}],"version-history":[{"count":4,"href":"https:\/\/www.swisslens.ch\/cz\/wp-json\/wp\/v2\/tribe_events\/1170435\/revisions"}],"predecessor-version":[{"id":1170439,"href":"https:\/\/www.swisslens.ch\/cz\/wp-json\/wp\/v2\/tribe_events\/1170435\/revisions\/1170439"}],"wp:attachment":[{"href":"https:\/\/www.swisslens.ch\/cz\/wp-json\/wp\/v2\/media?parent=1170435"}],"wp:term":[{"taxonomy":"post_tag","embeddable":true,"href":"https:\/\/www.swisslens.ch\/cz\/wp-json\/wp\/v2\/tags?post=1170435"},{"taxonomy":"tribe_events_cat","embeddable":true,"href":"https:\/\/www.swisslens.ch\/cz\/wp-json\/wp\/v2\/tribe_events_cat?post=1170435"}],"curies":[{"name":"wp","href":"https:\/\/api.w.org\/{rel}","templated":true}]}}

<p>Szkolenie zostało przygotowane dla osób, które już dopasowują soczewki skleralne, ale chcą lepiej rozumieć trudniejsze przypadki kliniczne i pewniej podejmować decyzje podczas doboru.<br />
Program koncentruje się przede wszystkim na praktyce. Część teoretyczna obejmuje jedynie krótkie przypomnienie najważniejszych zasad klinicznych niezbędnych w codziennej pracy.</p>
<p><img loading="lazy" decoding="async" class="size-medium wp-image-1119574 alignright" src="http://www.swisslens.ch/wp-content/uploads/Illustration-scleraflex-300x162.png" alt="" width="300" height="162" />Podczas warsztatu uczestnicy będą pracować na soczewkach próbnych celowo dobranych z nieprawidłowymi parametrami, takimi jak: za duży SAG, za mały SAG, za luźna strefa lądowania, nadmierne uniesienie brzegu czy miejscowy ucisk.</p>
<p>Każde dopasowanie zostanie przeanalizowane bezpośrednio na oku, krok po kroku, z oceną wpływu poszczególnych parametrów na SAG, strefę skleralną, stabilność czy komfort noszenia.<br />
Szczególny nacisk położony zostanie na kliniczne podejmowanie decyzji: który parametr zmieniać najpierw i jak unikać niepotrzebnych korekt.<br />
Uczestnicy poznają także praktyczne wykorzystanie narzędzi dostępnych w panelu klienta SwissLens.</p>
<pre>Data: 23.05.2026
Godziny: 9:00–17:00
Cena: 1200 PLN (800 PLN dla klientów Swisslens)</pre>
<h4>Aby uzyskać więcej informacji lub potwierdzić swój udział, prosimy o kontakt mailowy pod adresem: lens.info@swisslens.ch</h4>

<p>Szkolenie zostało przygotowane dla osób, które już dopasowują soczewki skleralne, ale chcą lepiej rozumieć trudniejsze przypadki kliniczne i pewniej podejmować decyzje podczas doboru. Program koncentruje się przede wszystkim na praktyce. [&hellip;]</p>
